{"id":1128,"date":"2015-02-20T10:50:42","date_gmt":"2015-02-20T10:50:42","guid":{"rendered":"http:\/\/nowaste.comune.re.it\/?page_id=1128"},"modified":"2015-03-05T09:58:03","modified_gmt":"2015-03-05T09:58:03","slug":"linee-guida-gdo-2","status":"publish","type":"page","link":"https:\/\/nowaste.comune.re.it\/?page_id=1128","title":{"rendered":"Linee guida GDO &#8211; 2"},"content":{"rendered":"<p>La Grande Distribuzione Organizzata pu\u00f2 dare un contributo notevole alla minimizzazione dei rifiuti in quanto pu\u00f2 influenzare, per esempio, le politiche di packaging, e pu\u00f2 aiutare a far crescere nei consumatori una coscienza ambientale nell&#8217;esercizio delle loro scelte d\u2019acquisto.<\/p>\n<p>Con l\u2019obiettivo di individuare utili riferimenti per lo sviluppo delle azioni di progetto e valorizzare le buone pratiche realizzate con successo in altri contesti territoriali, l&#8217;Azione 3 del progetto NO WASTE ha individuato le migliori esperienze italiane ed europee di riduzione dei rifiuti nel settore del commercio e del riuso che sono state analizzate in una serie di incontri di scambio di buone pratiche e di networking.<\/p>\n<p>Sono quindi stati\u00a0pianificati e gestiti incontri tra i referenti delle Best Practices e partner locali con l&#8217;obiettivo di evidenziare i diversi punti di vista dei vari stakeholder.<\/p>\n<p>Scarica qui il verbale di uno degli incontri:\u00a0<a href=\"https:\/\/nowaste.comune.re.it\/wp-content\/uploads\/2015\/02\/NOWA_17-01-13_Verbale.pdf\">NOWA_17-01-13_Verbale<\/a><\/p>\n<p>Questa fase \u00e8 stata molto utile per cominciare a definire una prima bozza del Piano di riduzione dei rifiuti per la GDO.<\/p>\n<p>E&#8217; stata quindi svolta un&#8217;intensa attivit\u00e0 di project networking\u00a0allo scopo di sviluppare uno strumento che supporti una continuit\u00e0 di contatti e di possibili sinergie tra gli attori; a tal fine \u00e8 stata creata una piattaforma virtuale\u00a0dedicata allo scambio di informazioni e approfondimenti coordinati dal responsabile dell&#8217;azione. Questo strumento \u00e8 ospitato nel sito web del progetto.<\/p>\n<p>Link alla piattaforma virtuale del progetto NO WASTE:\u00a0<a href=\"http:\/\/www.nowastenet.eu\">http:\/\/www.nowastenet.eu<\/a><\/p>\n<p><a href=\"https:\/\/nowaste.comune.re.it\/?page_id=1100\">Ritorna all&#8217;indice delle linee guida<\/a><\/p>\n<p>&#8212;&#8212;&#8212;&#8212;&#8212;&#8212;&#8212;&#8212;&#8212;&#8212;&#8212;&#8212;&#8212;&#8212;&#8212;&#8212;&#8212;&#8212;&#8212;&#8212;&#8212;&#8212;&#8212;&#8212;&#8212;&#8212;&#8212;&#8212;&#8212;&#8212;&#8212;&#8212;&#8212;&#8212;&#8212;&#8212;&#8212;<\/p>\n<p>&nbsp;<\/p>\n<p><em>MRCs can give a significant contribution to waste minimization as it can affect, for example, the policies of packaging, and can help to grow in\u00a0consumers an environmental conscience in their shopping choices.<\/em><\/p>\n<p><em>With the objective to identifying useful references for the development of design actions and promote good practices successfully implemented in other territories, NO WASTE Action 3 has identified the best Italian and European experiences in the issue of waste reduction and reuse in MRCs; these experiences were analyzed in a series of meetings for exchange and networking of best practices.<\/em><\/p>\n<p><em>Meetings between BP representatives and local authorities partners have been planned and managed with the aim of highlighting the different points of view of the various stakeholders.<\/em><\/p>\n<p><em>Download here the minutes of one of the meetings:\u00a0<a href=\"https:\/\/nowaste.comune.re.it\/wp-content\/uploads\/2015\/02\/NOWA_17-01-13_Verbale.pdf\">NOWA_17-01-13_Verbale<\/a><\/em><\/p>\n<p><em>This phase has been very useful in order to\u00a0define a first draft of the waste reduction Plan for the MRCs.<\/em><\/p>\n<p><em>A strong activity of project networking\u00a0has been carried out with the aims at developing a tool supporting a continuation of contacts and possible synergies among actors; for this purpose a virtual platform dedicated to exchange information and deeper analysis to be coordinated by the responsible of the action has been produced\u00a0\u00a0This tool is linked to the project\u2019s website.<\/em><\/p>\n<p><em>Link to NO WASTE virtual platform:\u00a0<a href=\"http:\/\/www.nowastenet.eu\">http:\/\/www.nowastenet.eu<\/a><\/em><\/p>\n<p><a href=\"https:\/\/nowaste.comune.re.it\/?page_id=1100\">Back to guidelines index<\/a><\/p>\n<p>&nbsp;<\/p>\n","protected":false},"excerpt":{"rendered":"<p>La Grande Distribuzione Organizzata pu\u00f2 dare un contributo notevole alla minimizzazione dei rifiuti in quanto pu\u00f2 influenzare, per esempio, le politiche di packaging, e pu\u00f2 aiutare a far crescere nei consumatori una coscienza ambientale nell&#8217;esercizio delle loro scelte d\u2019acquisto. Con l\u2019obiettivo di individuare utili riferimenti per lo sviluppo delle azioni di progetto e valorizzare le [&hellip;]<\/p>\n","protected":false},"author":3,"featured_media":0,"parent":0,"menu_order":0,"comment_status":"closed","ping_status":"closed","template":"","meta":{"_monsterinsights_skip_tracking":false,"_monsterinsights_sitenote_active":false,"_monsterinsights_sitenote_note":"","_monsterinsights_sitenote_category":0,"footnotes":""},"class_list":["post-1128","page","type-page","status-publish","hentry"],"_links":{"self":[{"href":"https:\/\/nowaste.comune.re.it\/index.php?rest_route=\/wp\/v2\/pages\/1128","targetHints":{"allow":["GET"]}}],"collection":[{"href":"https:\/\/nowaste.comune.re.it\/index.php?rest_route=\/wp\/v2\/pages"}],"about":[{"href":"https:\/\/nowaste.comune.re.it\/index.php?rest_route=\/wp\/v2\/types\/page"}],"author":[{"embeddable":true,"href":"https:\/\/nowaste.comune.re.it\/index.php?rest_route=\/wp\/v2\/users\/3"}],"replies":[{"embeddable":true,"href":"https:\/\/nowaste.comune.re.it\/index.php?rest_route=%2Fwp%2Fv2%2Fcomments&post=1128"}],"version-history":[{"count":10,"href":"https:\/\/nowaste.comune.re.it\/index.php?rest_route=\/wp\/v2\/pages\/1128\/revisions"}],"predecessor-version":[{"id":1177,"href":"https:\/\/nowaste.comune.re.it\/index.php?rest_route=\/wp\/v2\/pages\/1128\/revisions\/1177"}],"wp:attachment":[{"href":"https:\/\/nowaste.comune.re.it\/index.php?rest_route=%2Fwp%2Fv2%2Fmedia&parent=1128"}],"curies":[{"name":"wp","href":"https:\/\/api.w.org\/{rel}","templated":true}]}}