{"id":171,"date":"2012-05-03T06:37:56","date_gmt":"2012-05-03T06:37:56","guid":{"rendered":"http:\/\/nowaste.comune.re.it\/?page_id=171"},"modified":"2013-12-12T08:20:14","modified_gmt":"2013-12-12T08:20:14","slug":"azione-4-sperimentazione-di-un-piano-per-la-riduzione-dei-rifiuti-nella-gdo","status":"publish","type":"page","link":"https:\/\/nowaste.comune.re.it\/?page_id=171","title":{"rendered":"AZIONE 4: Sperimentazione di un Piano per la Riduzione dei Rifiuti nella GDO"},"content":{"rendered":"<p>Dopo aver rilevato, nel quadro dell&#8217;Azione 3, le migliori pratiche di riduzione dei rifiuti nella GDO, sia autonomamente dalla GDO sia attraverso processi di collaborazione tra GDO e governi locali, l&#8217;obiettivo \u00e8 di progettare un &#8220;Piano di Riduzione dei Rifiuti&#8221; (Waste reduction plane &#8211; WRP) e di attuarlo nella GDO.<\/p>\n<p>Le attivit\u00e0 previste in questa azione sono:<br \/>\n4.1 &#8211; Revisione \/ integrazione del Piano di riduzione dei rifiuti del Comune di Trento<br \/>\n4.2 &#8211; Definizione di un protocollo d&#8217;intesa per la fase di sperimentazione del WRP<br \/>\n4.3 &#8211; Sperimentazione del &#8220;Piano di riduzione dei rifiuti&#8221;<br \/>\n4.4 &#8211; Indagine finale<br \/>\n4.5 &#8211; Definizione di un modello di implementazione per la diffusione<\/p>\n<p><strong>Attivit\u00e0 4.1 &#8211; Revisione \/ integrazione del Piano di riduzione dei rifiuti del Comune di Trento<\/strong>. Il Piano di riduzione dei rifiuti gi\u00e0 esistente del Comune di Trento per la GDO sar\u00e0 rivisto sulla base dei risultati emersi dalla Azione 3 attraverso un processo di coinvolgimento dei principali stakeholder, che devono contribuire alla realizzazione del Piano (attori della GDO, associazioni di consumatori, associazioni ambientaliste, di volontariato sociale &#8230;); questo sar\u00e0 possibile anche attraverso la realizzazione di eventi tra i soggetti attuatori delle migliori pratiche rilevate nell&#8217;azione 3.<\/p>\n<p><strong>Attivit\u00e0 4.2 &#8211; Definizione di un protocollo d\u2019intesa<\/strong> (Memorandum of Understanding &#8211; MoU) di attuazione sperimentale per l&#8217;applicazione del piano d&#8217;azione nella GDO. Il protocollo d&#8217;intesa stabilir\u00e0 gli impegni da intraprendere da parte di tutti i soggetti coinvolti. La sperimentazione coinvolger\u00e0, attraverso i partner, la GDO locale: uno o pi\u00f9 eventi devono essere organizzati per presentare il progetto e i suoi obiettivi generali e specifici. Lo scopo di questi incontri \u00e8 quello di raggiungere un accordo completo sugli obiettivi, per firmare un protocollo d&#8217;intesa attraverso il quale ogni soggetto coinvolto si impegna a raggiungere obiettivi prefissati.<\/p>\n<p><strong>Attivit\u00e0 4.3 &#8211; Sperimentazione di un &#8220;Piano di riduzione dei rifiuti&#8221; a livello locale<\/strong> nei territori coinvolti. La presenza di Coop Nordest come partner associato garantisce, come risultato minimo, l&#8217;applicazione sperimentale del Piano nei suoi punti vendita, ma l&#8217;obiettivo auspicabile \u00e8 quello di testare il Piano in altre strutture della GDO presenti sul territorio coinvolto. Per pubblicizzare l&#8217;attuazione del piano di riduzione dei rifiuti, la GDO \u00e8 libera di produrre tutto il materiale di comunicazione che ritiene opportuno; inoltre, l\u2019Ente locale, collaborando con la GDO per l&#8217;attuazione del Piano, doter\u00e0 tutte le strutture coinvolte della GDO con materiale standard di comunicazione, lo stesso per ogni punto vendita coinvolto. Ogni catena avr\u00e0 la possibilit\u00e0 di attuare una campagna di comunicazione personalizzata.<\/p>\n<p><strong>Attivit\u00e0 4.4 &#8211; Indagine finale<\/strong> effettuata alla fine dell&#8217;esperienza pilota (sondaggio \/ intervista), permetter\u00e0 la valutazione dell&#8217;efficacia della campagna e la rilevazione di nuove esigenze o problemi. Le informazioni raccolte e analizzate saranno valutate anche dagli attori coinvolti nell&#8217;iniziativa: l&#8217;interpretazione dei risultati raggiunti e delle possibili criticit\u00e0 sar\u00e0 essenziale per aggiornare ed eventualmente modificare il progetto.<\/p>\n<p><strong>Attivit\u00e0 4.5 Definizione di un modello di implementazione<\/strong> per la diffusione per sostenere i governi locali nella pianificazione di processi simili, attraverso una serie di fasi estrapolate e integrate dall&#8217;esperienza realizzata e dalle osservazioni derivate.<\/p>\n","protected":false},"excerpt":{"rendered":"<p>Dopo aver rilevato, nel quadro dell&#8217;Azione 3, le migliori pratiche di riduzione dei rifiuti nella GDO, sia autonomamente dalla GDO sia attraverso processi di collaborazione tra GDO e governi locali, l&#8217;obiettivo \u00e8 di progettare un &#8220;Piano di Riduzione dei Rifiuti&#8221; (Waste reduction plane &#8211; WRP) e di attuarlo nella GDO. Le attivit\u00e0 previste in questa [&hellip;]<\/p>\n","protected":false},"author":3,"featured_media":0,"parent":0,"menu_order":0,"comment_status":"closed","ping_status":"closed","template":"","meta":{"_monsterinsights_skip_tracking":false,"_monsterinsights_sitenote_active":false,"_monsterinsights_sitenote_note":"","_monsterinsights_sitenote_category":0,"footnotes":""},"class_list":["post-171","page","type-page","status-publish","hentry"],"_links":{"self":[{"href":"https:\/\/nowaste.comune.re.it\/index.php?rest_route=\/wp\/v2\/pages\/171","targetHints":{"allow":["GET"]}}],"collection":[{"href":"https:\/\/nowaste.comune.re.it\/index.php?rest_route=\/wp\/v2\/pages"}],"about":[{"href":"https:\/\/nowaste.comune.re.it\/index.php?rest_route=\/wp\/v2\/types\/page"}],"author":[{"embeddable":true,"href":"https:\/\/nowaste.comune.re.it\/index.php?rest_route=\/wp\/v2\/users\/3"}],"replies":[{"embeddable":true,"href":"https:\/\/nowaste.comune.re.it\/index.php?rest_route=%2Fwp%2Fv2%2Fcomments&post=171"}],"version-history":[{"count":8,"href":"https:\/\/nowaste.comune.re.it\/index.php?rest_route=\/wp\/v2\/pages\/171\/revisions"}],"predecessor-version":[{"id":961,"href":"https:\/\/nowaste.comune.re.it\/index.php?rest_route=\/wp\/v2\/pages\/171\/revisions\/961"}],"wp:attachment":[{"href":"https:\/\/nowaste.comune.re.it\/index.php?rest_route=%2Fwp%2Fv2%2Fmedia&parent=171"}],"curies":[{"name":"wp","href":"https:\/\/api.w.org\/{rel}","templated":true}]}}