{"id":580,"date":"2012-07-02T12:44:42","date_gmt":"2012-07-02T12:44:42","guid":{"rendered":"http:\/\/nowaste.comune.re.it\/?page_id=580"},"modified":"2012-08-22T06:30:06","modified_gmt":"2012-08-22T06:30:06","slug":"meeting-di-progetto-n-2","status":"publish","type":"page","link":"https:\/\/nowaste.comune.re.it\/?page_id=580","title":{"rendered":"Meeting di progetto n. 2"},"content":{"rendered":"<p>Il\u00a010\u00a0luglio 2012 si\u00a0\u00e8 tenuto a\u00a0Trento il secondo meeting di progetto (sede: Trento, Palazzo Thun \u2013 Via Belenzani 19 \u2013 Sala Blu \u2013 primo piano).<\/p>\n<p>Il programma della giornata \u00e8 stato il seguente:<\/p>\n<p><strong>Sessione tecnica<\/strong><\/p>\n<p>9:45 \u2013 10:00<br \/>\nRegistrazione dei partecipanti<\/p>\n<p>10:00 \u2013 10:45<br \/>\nAzione 3 \u2013 aggiornamento attivit\u00e0 e prossimi step. Ambiente Italia<\/p>\n<p>10:45 \u2013 12.00<br \/>\nAzione 4 \u2013 programmazione delle attivit\u00e0 e analisi del Piano di Trento. Comune di Reggio Emilia\/Comune di Trento. In parallelo, si discuteranno le modalit\u00e0 di attuazione dell\u2019azione 2<\/p>\n<p>12:00 \u2013 12:30<br \/>\nAzione 5 \u2013 programmazione attivit\u00e0 e illustrazione modalit\u00e0 di realizzazione dello studio di fattibilit\u00e0 (metodologia, aspetti trattati). Comune di Reggio Emilia<\/p>\n<p>12.30 \u2013 13.00<br \/>\nDiscussione<\/p>\n<p>13:00<br \/>\nLight lunch<\/p>\n<p><strong>Sessione amministrativa<\/strong><\/p>\n<p>14:00 \u2013 14:45<br \/>\nAzione 1: aggiornamento spese, modalit\u00e0 preparazione Inception Report e calendario prossimi meeting. Firma addendum al Partnership Agreement. Reggio nel Mondo<\/p>\n<p>Le presentazioni utilizzate sono scaricabili qui sotto:<\/p>\n<p><a href=\"https:\/\/nowaste.comune.re.it\/wp-content\/uploads\/2012\/07\/1_Rifiuti_Ambiente-IT_meeting_TN.pdf\">1_Rifiuti_Ambiente IT_meeting_TN<\/a><br \/>\n<a href=\"https:\/\/nowaste.comune.re.it\/wp-content\/uploads\/2012\/07\/2_Azione-3_meeting_TN.pdf\">2_Azione 3_meeting_TN<\/a><br \/>\n<a href=\"https:\/\/nowaste.comune.re.it\/wp-content\/uploads\/2012\/07\/3_Azioni_4-5_meeting_TN.pdf\">3_Azioni_4-5_meeting_TN<\/a><br \/>\n<a href=\"https:\/\/nowaste.comune.re.it\/wp-content\/uploads\/2012\/07\/4_Finanziaria_meeting_TN.pdf\">4_Finanziaria_meeting_TN<\/a><\/p>\n<p>E&#8217; stato infine redatto il verbale del meeting: <a href=\"https:\/\/nowaste.comune.re.it\/wp-content\/uploads\/2012\/07\/Trento_Verbale_FINAL.pdf\">Trento_Verbale_FINAL<\/a><\/p>\n<p>Vedi foto del gruppo di lavoro nella sezione &#8220;<a href=\"https:\/\/nowaste.comune.re.it\/?page_id=72\">Immagini<\/a>&#8220;.<\/p>\n","protected":false},"excerpt":{"rendered":"<p>Il\u00a010\u00a0luglio 2012 si\u00a0\u00e8 tenuto a\u00a0Trento il secondo meeting di progetto (sede: Trento, Palazzo Thun \u2013 Via Belenzani 19 \u2013 Sala Blu \u2013 primo piano). Il programma della giornata \u00e8 stato il seguente: Sessione tecnica 9:45 \u2013 10:00 Registrazione dei partecipanti 10:00 \u2013 10:45 Azione 3 \u2013 aggiornamento attivit\u00e0 e prossimi step. Ambiente Italia 10:45 \u2013 [&hellip;]<\/p>\n","protected":false},"author":3,"featured_media":0,"parent":0,"menu_order":0,"comment_status":"open","ping_status":"closed","template":"","meta":{"_monsterinsights_skip_tracking":false,"_monsterinsights_sitenote_active":false,"_monsterinsights_sitenote_note":"","_monsterinsights_sitenote_category":0,"footnotes":""},"class_list":["post-580","page","type-page","status-publish","hentry"],"_links":{"self":[{"href":"https:\/\/nowaste.comune.re.it\/index.php?rest_route=\/wp\/v2\/pages\/580","targetHints":{"allow":["GET"]}}],"collection":[{"href":"https:\/\/nowaste.comune.re.it\/index.php?rest_route=\/wp\/v2\/pages"}],"about":[{"href":"https:\/\/nowaste.comune.re.it\/index.php?rest_route=\/wp\/v2\/types\/page"}],"author":[{"embeddable":true,"href":"https:\/\/nowaste.comune.re.it\/index.php?rest_route=\/wp\/v2\/users\/3"}],"replies":[{"embeddable":true,"href":"https:\/\/nowaste.comune.re.it\/index.php?rest_route=%2Fwp%2Fv2%2Fcomments&post=580"}],"version-history":[{"count":10,"href":"https:\/\/nowaste.comune.re.it\/index.php?rest_route=\/wp\/v2\/pages\/580\/revisions"}],"predecessor-version":[{"id":582,"href":"https:\/\/nowaste.comune.re.it\/index.php?rest_route=\/wp\/v2\/pages\/580\/revisions\/582"}],"wp:attachment":[{"href":"https:\/\/nowaste.comune.re.it\/index.php?rest_route=%2Fwp%2Fv2%2Fmedia&parent=580"}],"curies":[{"name":"wp","href":"https:\/\/api.w.org\/{rel}","templated":true}]}}